
False
Let g be (3 + 6)*(-2)/6. Is 65572/65 - g/15 composite?
False
Suppose -51 = -12*i - 27. Suppose -w - i*x + 38387 = 0, 2*x + 101519 = 4*w - 52059. Is w composite?
False
Suppose -39*n + 20 = -29*n. Suppose -2*t = 4*z - 14310, 5*t + 9 = n*t. Is z a composite number?
True
Let b(f) = -4*f**2 + 14*f + 7. Let l be b(4). Let r be (-3 + 8)*(1 + 0). Is (-1)/5 - l - (-3721)/r a composite number?
True
Let y = 182 + 1548. Let m = y + -947. Let c = m - -94. Is c prime?
True
Let d = -17 - -26. Let a(v) = -99*v + 3*v**2 + 213*v + 1 - 106*v - 5. Is a(d) prime?
True
Let d(f) = 6*f - 27. Let y be d(5). Is 5/5*y - 1 - -535 composite?
True
Let h(s) = 3 - 5 - 5 + 106*s**2 + 2. Let m be h(-2). Suppose -2*f - 5*l = -m, 4*f - 202 = -3*l + 615. Is f a prime number?
False
Let n = 284 + -21. Suppose 0 = 13*g - 414 - 847. Let h = n - g. Is h prime?
False
Let z(s) = 14*s**3 - 6*s**2 - 43*s - 51. Is z(18) a prime number?
False
Let y(h) = -h + 20. Let a be y(-7). Suppose 2*o + 4*i = 5478, -3*o - 25*i + 8233 = -a*i. Is o prime?
False
Let d be 12*-1*(-2)/(-4)*1. Is 1/3 - 1195*d/9 composite?
False
Let a(t) be the third derivative of -7/3*t**3 - 1/60*t**5 + 0*t + 0 + 5/6*t**4 + 8*t**2. Is a(13) prime?
False
Let g = -53854 + 78600. Is (16 - 17)*g/(-2) a composite number?
False
Suppose -25*c + 2014578 = -5044147. Is c prime?
True
Let b be 1/((-3)/12)*4/(-4). Suppose 0 = -3*c - b*c + 62202. Suppose -4*v - c = -10*v. Is v composite?
False
Is (-426)/1065 - 242427/(-5) a composite number?
True
Suppose -3*n + 4*g = -168590 - 96627, n - 88431 = -5*g. Is n a composite number?
False
Let t = 38 + -36. Suppose 0 = 3*n + t*b - 16, 3*n + 3 = 4*n + 3*b. Suppose -2*o - 668 = -n*o. Is o prime?
True
Is ((-273538)/7)/((-356)/1246) composite?
False
Let c(a) = 63 + 20*a + 130 + 1604 + 255 + 105. Is c(0) composite?
True
Is 0 + 1590290 + (-217)/(71 + -40) a prime number?
False
Is ((-2)/10)/(955049086/59690570 - 16) composite?
False
Let h(j) = -44*j + 5161. Is h(84) prime?
False
Suppose -5*s + s = 2*r - 158836, -39719 = -s - 3*r. Is s a composite number?
True
Suppose 83141762 = 98*d + 55*d - 30875521. Is d prime?
False
Suppose -4*m + 58 = -86. Is (3018/(-4))/((-54)/m) prime?
True
Let z(h) = 539455*h**2 - 56*h - 27. Is z(-2) composite?
True
Let i be (-5)/(10/(-6)) + (-10322415)/(-15). Suppose 0 = -9*h - 3*h + i. Is h prime?
True
Let i(x) = 14 - 9*x - 7 - 12*x**2 - x**3 + 14 + 4. Let t be i(-11). Suppose 2*h + 0*y = t*y + 2071, -3*h + 3108 = -3*y. Is h a composite number?
True
Let p(d) = -57*d**3 - 63*d**2 + 47*d + 16. Let l(f) = 29*f**3 + 31*f**2 - 23*f - 8. Let b(i) = 5*l(i) + 2*p(i). Is b(11) a composite number?
False
Let n = 206586 + -59783. Is n composite?
True
Let u(v) = 202483*v**2 - 12*v + 14. Let i be u(1). Suppose 154*m - 139*m - i = 0. Is m composite?
False
Let t(y) = 20*y**3 - y**2. Let z be t(1). Let g(u) = z + 36*u + 47*u - 22*u + 7*u. Is g(3) a prime number?
True
Let a(g) = 2 - 2 + 32*g**2 + 35*g - g**3 - 6 - 33*g. Let t be a(26). Suppose -4*q + 18*q = t. Is q a prime number?
True
Let y(v) = 2*v - 66. Let f be y(32). Is f/(-2)*(4104 - -34) a composite number?
True
Suppose 0 = 4*r - 12, 0 = -4*c + 4*r + 36042 + 70022. Let o = c + -9517. Is o a prime number?
False
Let x(j) = -7*j + 88. Let s be x(6). Is ((-23)/s)/(33843/16922 + -2) composite?
False
Let j(d) = -3*d - 137. Let f be j(-47). Suppose -f*t - 314 + 7974 = 0. Is t a prime number?
False
Let o be ((-2864)/3)/(64/(-1056)). Suppose -o = -5*u - 3*u. Is u prime?
False
Suppose -38479 = -2*o + 5*d, o = -4*d + 409 + 18850. Is o a composite number?
True
Let f(c) = -7*c**3 - 11*c**2 - 3*c + 17. Let h(l) = 6*l**3 + 10*l**2 + 2*l - 16. Let s(t) = -5*f(t) - 6*h(t). Let i be s(-5). Is i/12 + 712/12 prime?
True
Is (-7027664)/(-6) - (55/(-6) - 1560/(-208)) a composite number?
True
Let d(s) = 1501*s**2 - 6*s + 13. Let r be (7 - (-207)/(-18))*8/(-18). Is d(r) prime?
False
Is (2/3)/((-438)/(-81200601)) a composite number?
False
Suppose 75*m - 27218550 = 1411425. Is m a composite number?
True
Suppose -30*v + 5541131 = -10035049. Is v a prime number?
False
Let p(h) = 25*h**2 - 2*h + 11. Let b be p(-16). Suppose -33*x + 29263 = -b. Is x prime?
False
Suppose -4*r - 1047 = 3*g - 15596, 4*r - 3*g = 14579. Is r prime?
False
Let f(r) = -r**3 - 9*r**2 - 19*r + 37. Let n be f(-6). Suppose -n*y + 17790 + 108673 = 0. Is y composite?
True
Let y = -116 + 119. Suppose -y*s - 7*d + 602 = -9*d, -3*s - 3*d + 612 = 0. Is s a prime number?
False
Suppose -9*c - 21*c + 39450 = 0. Suppose h - c = 1516. Is h a prime number?
False
Let x(b) be the first derivative of 127*b**2 + 41*b - 76. Is x(13) a prime number?
True
Let m be ((-2)/3)/(3/((-69957)/6)). Let y = 4636 - m. Is y a composite number?
True
Let i be 2 + 804/20 + (-3)/15. Is 4/14 + 207594/i a composite number?
False
Suppose a = 5*p - 86, -2*a - 4*p = a + 239. Let i = a - -123. Is (21469/i*-3)/(1/(-2)) a composite number?
False
Suppose 4*s = -5*w + 695621, 6*s - 10*s - w = -695633. Is s prime?
True
Let u(c) = -25893*c - 544. Is u(-29) prime?
True
Let f(i) = -i**2 + 1. Let l(h) = -2*h**2 - 2*h. Let t(c) = 2*f(c) + l(c). Let v be t(1). Is (-2352)/v - 1 - 0 composite?
False
Suppose -109*b + 240364 = -342459. Is b prime?
True
Let y be -6 - (1 + -2 + -7). Suppose 967 = y*s - 163. Is s prime?
False
Let p = 842033 + -426804. Is p composite?
True
Let s = -22727 + 33498. Is s a prime number?
True
Suppose 5*c - r - 16 = 0, -4*c + 12 = -0*r - r. Let p(f) = 4*f**3 - f**2 + 7*f - 3. Is p(c) a prime number?
False
Suppose d + n - 1025 = 5*n, -3*n - 5159 = -5*d. Suppose -29*a - 17820 = -40*a. Let t = a - d. Is t prime?
True
Let d = 1764078 + -1254065. Is d a composite number?
True
Let b = 1410775 - 787254. Is b a composite number?
False
Let f(k) = 118*k**2 + 7*k - 9. Let p(w) = 13*w - 37. Let l be p(3). Let g be f(l). Is ((-8)/28)/(2/(-28)) + g composite?
True
Let v = 8 + -78. Let d = v - -70. Suppose 3*p = g + 4871, 0 = 5*p - 5*g - d*g - 8125. Is p composite?
True
Suppose -5*n + 11 = 5*a + 86, 2*n + a = -25. Is (2 - 6) + 5/n*-7582 composite?
True
Let o(n) = 425*n**2 + 3*n + 4. Let p be o(3). Suppose -p = -12*x - 28390. Let m = 3407 + x. Is m prime?
True
Let r(u) = u - 25. Let l be r(19). Let a be 2/(-2)*2/(4/l). Suppose -4*b + a*b = -3*g - 1139, 0 = 2*b - g - 2298. Is b a composite number?
False
Let n(x) = x - 17. Let t be n(19). Suppose -h - u - 3 = -7, -t*u = -2*h + 4. Is h/(0 + -3) - (0 - 480) prime?
True
Suppose 18*t + 4 = 16*t. Let u be (t/1 - -2 - 1)/(-1). Is -11*(7*-3 - -4)/u prime?
False
Let p = 17 + -11. Suppose 25 - 7 = p*z. Is (-4)/(-36)*633*z a prime number?
True
Let k(r) be the first derivative of 343*r**2/2 + 99*r + 152. Is k(8) prime?
True
Suppose 7*v + 0*v = 616. Let y = 16 - v. Is (-11)/2*(y + -2)*1 composite?
True
Is -6 - ((-1800)/(-63))/(-5) - (-288129)/7 a composite number?
False
Let c be -8*(0 + 1/(-4)). Suppose -j - 412 = c*u, 3*j + 5*u + 823 = j. Let q = j - -965. Is q composite?
True
Suppose 322*h - 328*h = 210. Let x(v) = -255*v - 16. Is x(h) composite?
True
Suppose -10934 = -3*q + 610. Suppose 3*b - 2*c = -c + 3850, c = -3*b + q. Is b composite?
False
Suppose 5383 = 4*v - 3*q - 22984, 3*q = v - 7103. Suppose -5*h + h = 4*r, -5*r - 2*h = -12. Suppose -3*t = s - 1408, -s + v = r*s - t. Is s a prime number?
False
Suppose 4*q = -2*g + 667632, g - 9*q = -13*q + 333814. Is g a composite number?
True
Is ((-81406992)/(-216))/(-31)*(-9)/2 composite?
False
Suppose y + 2*b - 52542 = 0, -5*b + 50135 - 312890 = -5*y. Suppose 0 = -36*a + 24*a + y. Is a a prime number?
False
Let t = -9678 - -18877. Is t a composite number?
False
Suppose 0 = -k + 2*o + 9549, 0 = 21*k - 22*k - o + 9528. Is k prime?
False
Let r be (20/25)/(8/(-60)). Let l(u) = 276*u**2 + 24*u + 7. Is l(r) a composite number?
True
Let x(o) = 2*o + 2. Let j(d) = 299*d + 266. Let l(z) = -j(z) + 2*x(z). Is l(-5) a prime number?
True
Let o(a) = 16*a - 173. Let j be o(11). Is ((-4)/6 - 8815/j)/(-1) composite?
False
Let v(m) = -45*m - 127. Let u be v(-3). Suppose 4*r + u*j - 8616 = 4*j, 4*r + j - 8601 = 0. Is r prime?
False
Suppose -19 = -h + 5*x, 2*x + 25 + 1 = 5*h. Let p(t) be the first derivative of 8*t**3/3 - 4*t**2 - 2*t + 5. Is p(h) prime?
False
Suppose 5*n = 41163 + 5697. Let d = n + 2759. Is d a composite number?
True
Let w = 10 - 5. Let k be 1190/